 digit of o/68 - (-3)/4?
8
Let s = 54 + -49. Suppose 0 = 4*d + 2*x - 1394, -5*d + d + s*x = -1401. What is the units digit of d?
9
Let h = 2647 - 2651. Let d(v) be the third derivative of -7*v**4/8 - 17*v**3/6 - v**2. What is the tens digit of d(h)?
6
Suppose 2601*z - 765 = 2598*z. What is the hundreds digit of z?
2
Let o = 473 - -1849. Let x = 3556 - o. What is the tens digit of x?
3
Suppose 77*o - 43795 - 663353 - 969142 = 0. What is the units digit of o?
0
What is the hundreds digit of (-12 - -13)*32721/12*(-6 + 10)?
9
Suppose -14*h - 2*h = -26673 - 39407. What is the tens digit of h?
3
Suppose -2*u + 4993 = 2*b - 537, 0 = -3*b - 4*u + 8300. What is the hundreds digit of b?
7
Suppose -4*v + 133795 = 3*b, -2*b + 89190 = -149*v + 153*v. What is the thousands digit of b?
4
Let w = -72130 - -103158. What is the thousands digit of w?
1
Let y(k) = -70*k - 53. Let r(d) = -1. Let o(i) = -4*r(i) + y(i). What is the hundreds digit of o(-5)?
3
What is the tens digit of 76/1140 + 74999/15?
0
Suppose -7*d = -3688 - 1541. Suppose -8*c + 3*c + 1824 = 2*p, -5*p - d = -2*c. What is the tens digit of c?
6
Let r = -1597 - -3723. What is the hundreds digit of r?
1
Suppose -278*w - 7361 - 9195 = 6518. Suppose -4*q + q = -405. Let p = w + q. What is the tens digit of p?
5
Let q(w) = 4*w**3 - w**2 - 12*w - 24. Let m be q(8). Suppose 3*x = 4*s - 8*s + 1495, -5*s + x = -m. What is the tens digit of s?
7
Let b(m) = 79*m**3 + 2*m + 1. Let r be b(-1). Let t = r - -407. What is the tens digit of t?
2
Suppose 2*c - 2*v + 106 = 112, 2*v = 3*c - 6. Let g = 9 - 6. Suppose 0 = 5*p - 5, -t + c*p = -g*p - 32. What is the tens digit of t?
3
Let k(h) = -40*h + 1. Let l = -16 + -17. Let y = -35 - l. What is the units digit of k(y)?
1
What is the ten thousands digit of -4 - (12263514/(-222) + (-6)/(-111))?
5
Let g be -2 + -5*(-16)/40. Suppose -u - r + 232 = g, 2*r + 0*r + 217 = u. What is the units digit of u?
7
What is the tens digit of ((-16294)/8)/((-9)/12 - 1/(-2))?
4
Let u be (5 - 1) + 404/4. What is the hundreds digit of 30/((u/224)/5)?
3
Suppose 2*n - 614 = 2*d - 4*d, 4*n - 1198 = 2*d. Let h be -1 + (1 - -3) - n. Let g = -196 - h. What is the units digit of g?
3
Let w(s) = -174*s + 641. What is the units digit of w(-95)?
1
Let a be (-1)/3 - 5/(-75)*5. Suppose a = 5*x - 1265 - 980. What is the tens digit of x?
4
Suppose 22*h = 10*h - 8424. Let w = h - -1013. What is the units digit of w?
1
Let f(n) = -23*n**2 - 6*n + 5939. What is the tens digit of f(0)?
3
Let v(s) = 16*s**2 + 15*s - 122. Let b be v(8). Suppose 17*m = 19*m - b. What is the hundreds digit of m?
5
Suppose -75*q + 22*q + 575599 = 86*q. What is the tens digit of q?
4
Suppose 4*a - 4 = -0*a, -5*w + 2*a + 23 = 0. Suppose -d = -3*i + 3, 0*d + 3 = -d - w*i. What is the units digit of (0 - (-2)/(-1))/(d/9)?
6
Let y = -140 - -145. Suppose -2*r = 4*h + 4, 0*r + 3*r = -y*h - 6. Suppose h = -2*u - 0 + 620. What is the tens digit of u?
1
Suppose -4117344 = -41*a + 6*a - 189*a. What is the hundreds digit of a?
3
Let v = 30 + -25. Suppose 5*a + v*o - o = 7977, 0 = 3*a - o - 4776. What is the units digit of a?
3
Suppose -2*c - 7562 = -5*z + 12485, 0 = 3*z + c - 12037. What is the units digit of z?
1
Let t(h) = -4*h**3 + 5*h**2 - 2*h - 1. Let g be t(3). Suppose -747 - 891 = -9*o. Let k = g + o. What is the hundreds digit of k?
1
Let v(d) = 107*d**2 + 3*d - 2. Let q be (2/(-4))/((-3)/2 + 1). Let n be q/15*5 + (-4)/(-6). What is the units digit of v(n)?
8
Let a be (-1*12)/(4 + -2). Let l be -11*a/9*-39 + 1. Let i = 443 + l. What is the hundreds digit of i?
1
Let f = 1135 - 651. Let x = f - -146. What is the tens digit of x?
3
Let q(x) = 3*x**3 - 20*x**2 + 7*x - 4. Suppose 6*r + 14*r - 140 = 0. What is the tens digit of q(r)?
9
Suppose 215*h - 1571522 + 26102 = 0. What is the hundreds digit of h?
1
Let y = -88 - -85. Let f(r) = 48*r + 3. Let t be f(y). Let a = 21 - t. What is the hundreds digit of a?
1
Let n(b) = 9*b + 12. Let a be n(5). Suppose -116 = -2*w - 2*w - 4*d, -3*d - a = -3*w. Suppose w - 249 = -5*l. What is the units digit of l?
5
Suppose -x = -8*x + 7588. Let g be 4 + 4/2 + 2. Suppose x = g*q - 4*q. What is the units digit of q?
1
Let w(x) = -2*x**3 + 54*x**2 - 17*x + 109. What is the units digit of w(17)?
0
Let q(c) = -52*c + 7. Suppose -48 + 64 = -2*a. What is the units digit of q(a)?
3
Suppose 1010 = -2*m - 2*x, m + 7*x - 3*x = -520. Let s = m + 1377. What is the units digit of s?
7
Suppose 1435 = 2*q + 373. Suppose -11*w - 3*m = -12*w + q, 3*w - 3*m = 1563. What is the units digit of w?
6
Let d(l) = l**2 - 4*l - 17. Let v(o) = -o**3 - 7*o**2 - 2*o - 7. Let r be v(-7). Let i be d(r). What is the tens digit of -5 - -197 - i - 4?
8
Let x = 216 + -212. Suppose 365 - x = 19*l. What is the tens digit of l?
1
Let z be (-3 - 41/(-2))*2. Suppose -5*v = -s - 215, 3*v - 3*s - 106 = -7*s. Let c = v + z. What is the tens digit of c?
7
Let v(r) = 5664*r - 1022. What is the tens digit of v(8)?
9
Suppose -52*y + 54*y + 6 = 0. What is the tens digit of (-1846)/y - 10/(-105)*7?
1
Suppose 2*a = -5*w - 6, 4*a + 12 = 5*w - 0*w. Let r(u) = -7*u**2 + 3*u + 12. Let c be r(a). Let v = 96 + c. What is the units digit of v?
6
Suppose 0 = -2*t + 10, 5*t - t + 223 = -3*w. Let g = 4185 - 4310. Let f = w - g. What is the units digit of f?
4
Let j be 13557/12 - (-2 - (-42)/24). Suppose 4*p - t - 1487 = -360, 4*p + 2*t = j. What is the hundreds digit of p?
2
Let j(o) be the second derivative of 9*o + 17/6*o**3 + 0 + 9*o**2. What is the hundreds digit of j(5)?
1
Suppose -3*v + 745 = 4*r, -2*v + 441 + 65 = -2*r. Let f = v + -113. Suppose -5*t = -f - 162. What is the tens digit of t?
6
Let x(w) be the first derivative of w**4/6 - 29*w**3/6 - 25*w**2/2 + 30*w - 35. Let i(u) be the first derivative of x(u). What is the tens digit of i(16)?
2
Let d = -14470 - -30421. What is the hundreds digit of d?
9
Let p be ((-2)/2)/(8/(-24)). Suppose -5*z - p = -y, 2*y = -0*z - 3*z + 6. Suppose -20*d + 15*d + 645 = z. What is the hundreds digit of d?
1
Let b be (-3 - 20/(-8))*(-6 + 0). Let r = -17 + 20. Suppose o = -p - b*o + 75, -r*o - 150 = -2*p. What is the tens digit of p?
7
Let u = -13836 + 27884. What is the units digit of u?
8
Suppose 0*d = -3*d + 15, 4*h + 3*d = 27. Suppose 306 = 2*u - 3*t, -h*u - 11*t + 8*t + 459 = 0. What is the hundreds digit of u?
1
What is the thousands digit of (337437/(-27) + -7)*(-2 - 1)?
7
Let r(z) = -75*z - 205*z**3 + 12*z**2 - 14 - 31 + 206*z**3 + 10*z**2. What is the hundreds digit of r(-24)?
6
Let u = -2277 + 1397. Let l = -384 - u. Suppose w + 4*w = 5*o - 575, -5*w = 4*o - l. What is the tens digit of o?
1
Suppose 0 = 9*f + 1235 - 4997. Suppose 540 = 5*m + 5*s, 4*m + 0*m - 3*s = f. What is the tens digit of m?
0
Let v(m) = 11*m + 273. Let p be v(-21). What is the units digit of (-1834)/p*(-3 + -12 + 0)?
5
Let u(b) = -5*b**2 + 17. Let l(t) = 25*t**2 + 6*t - 87. Let o(n) = -2*l(n) - 11*u(n). Let y = 11 - 15. What is the hundreds digit of o(y)?
1
Suppose -67*q + 63*q + 1130 = -d, q - 3*d - 277 = 0. Suppose -23*s - q + 6033 = 0. What is the hundreds digit of s?
2
Let z(w) = 572*w**2 - w - 5. What is the tens digit of z(3)?
4
Suppose f - 3*c + 314 = 0, 3*f + 1606 = -2*f - 3*c. Let s = f + 566. What is the tens digit of s?
4
Let c = 22892 + -3481. What is the thousands digit of c?
9
Let u(c) = c**3 + 3*c + 521. Let s be u(0). Suppose 0 = -3*a + 106 + s. What is the units digit of a?
9
Let x = 123548 + -71829. What is the hundreds digit of x?
7
Let h(k) = -4*k**2 - k - 1. Let q be h(-1). Suppose 0*a = 4*a - u - 14, 4*a + 2*u - 8 = 0. What is the tens digit of ((-2)/q)/((12/616)/a)?
7
Let j(o) = -o**2 - o + 29. Let p be j(-6). What is the hundreds digit of p/(3/6*(-6)/2757)?
9
Let f = -10083 - -20887. What is the tens digit of f?
0
Let s(j) = -j**3 + 24*j**2 - 7*j + 52. Let z be s(23). Let y = z - 34. What is the units digit of y?
6
Let z(x) = -2*x**3 - 26*x**2 - 20*x + 13. What is the units digit of z(-19)?
5
Let x = -30 + 50. Suppose -98*o + 64 = -34*o. Let m = x - o. What is the units digit of m?
9
Suppose 21*q - 24084 - 1280205 = 0. What is the ten thousands digit of q?
6
Suppose -4*l + 12 = 4, -44475 = -d + 3*l. What is the tens digit of d?
8
Let l(r) be the second derivative of -7/6*r**3 + 0 - 7/2*r**2 + 18*r. What is the